 5. Calculate the remainder when u is divided by s.
19
Let f = -29 - -24. Let n be (6/f)/((36/80)/3). Let z = n - -43. What is the remainder when 101 is divided by z?
31
Suppose 2*a - 15 = 3*m, -2*m - a = 2*m + 9. Calculate the remainder when 29 is divided by 38/(-6) - m/9 - -23.
12
Let d = -419 + 629. Suppose 0 = -6*k + 11*k - d. What is the remainder when 131 is divided by k?
5
Let j = -1294 + 1959. Let p = -575 + j. Suppose -c = 5*u - 120, 4*c - 55 = -u - 12. What is the remainder when p is divided by u?
21
What is the remainder when 138/(-276)*5*-24 is divided by (-2)/12 - (-49)/6?
4
Let y(i) = 16*i**2 - 60*i - 569. What is the remainder when y(-8) is divided by 156?
155
Suppose -x = 30*c - 32*c + 147, -3*x - 414 = 3*c. Let i = 23 - x. Let o = -11 + 22. Calculate the remainder when i is divided by o.
10
Let q be (-4)/(-12) - (-28)/(-3). Let z(v) = v**3 + 9*v**2 + 10. Let n(r) = -r**2 - 19*r - 31. Calculate the remainder when n(-5) is divided by z(q).
9
Let o(l) = 2*l**2 + 61*l + 192. Let c be o(-29). Suppose -c*d + 132 = -102*d. Let t = 0 - -2. Calculate the remainder when d is divided by t.
0
Suppose -j = -2*s + 3*s - 42, -66 = -2*s + 4*j. Let p(c) = c**3 - 152*c**2 - 450*c + 51. Calculate the remainder when s is divided by p(-3).
3
Suppose 904 - 106 = 4*d - 1838. Calculate the remainder when d is divided by 13.
9
Let y be 2/(10/75) + -1. Let w(l) = -3*l - 1 - 3 + y*l + 2. Calculate the remainder when 25 is divided by w(1).
7
Let u = 113 + -149. Calculate the remainder when 26 is divided by 58/18 - u/(-162).
2
Let x(y) be the third derivative of 2*y**4/3 - 14*y**3/3 + 10*y**2. Calculate the remainder when x(6) is divided by 14.
12
Let b = -45 - -41. What is the remainder when b/(-10)*-2*-30 is divided by 7?
3
Let g = 28877 - 28786. Calculate the remainder when 10006 is divided by g.
87
Suppose 25*h - 82*h + 228 = 0. Suppose h*y - 386 = 2*a, -3*y - 2*a + 272 = -7. Calculate the remainder when y is divided by 50.
45
Suppose -2*z = 9*z - 286. Suppose -429 = -39*x + z*x. Calculate the remainder when 194 is divided by x.
29
Suppose -2*x + 216 = 3*g - 106, -103 = -g - 5*x. Suppose -5*k + 0*k = -190. Calculate the remainder when g/(-189) + 1026/7 is divided by k.
32
Let y = -4392 + 4456. What is the remainder when 2877 is divided by y?
61
Let y(v) = 4*v**3 + 20*v**2 - 44*v + 2. Calculate the remainder when 1822 is divided by y(2).
2
Let k be ((-10)/2)/(42/936642). Calculate the remainder when 4*((-3)/(-7) + k/(-812)) is divided by 69.
68
Let w = 114 - 102. Suppose 3*v + 9 = 48. What is the remainder when v is divided by 18*(-1 + w/8)?
4
Let c(g) = 46*g - 666. What is the remainder when 1373 is divided by c(15)?
5
What is the remainder when 4794 is divided by 14*(-3)/7 - (0 + -86)?
74
Suppose 2*u - 150 = -3*u + 5*n, -3*n = u - 50. Let a = -588 - -887. Let t = -287 + a. What is the remainder when u is divided by t?
11
Suppose -4*p = 4*a - 214 - 78, -p + 217 = 3*a. Suppose 0 = -3*r - o + 4, 1097*r = 1102*r - 5*o - 80. Calculate the remainder when a is divided by r.
2
Suppose -11*d + 12*d = -3*y + 129, 372 = 4*y + 18*d. What is the remainder when (-66)/(-27)*6*21 is divided by y?
35
Calculate the remainder when -3 - (-2*(-3)/(-18)*18 - 459) is divided by 212.
38
Suppose 4*q + 20 = 0, 115 = 5*j + 45*q - 40*q. Calculate the remainder when 500 is divided by j.
24
Let t(q) = q + 17. Let z = -296 + 176. Let l = z - -217. What is the remainder when l is divided by t(9)?
19
What is the remainder when 1204 is divided by (-10 + (-24)/(-6))*(-4 - 0)?
4
Let v = 2 - -104. Let y(j) = 20*j - 98. Let l be y(5). Suppose -4*u - 4*t = -98 - 46, -4*t + 72 = l*u. What is the remainder when v is divided by u?
34
Let l be 6*10/4*(-658)/(-35). Let k = -272 + l. What is the remainder when 48 is divided by k?
8
Let x be (-6)/(-18) + 4/(-12) + 0. Suppose -70 = -7*n - x*n. Calculate the remainder when 33 is divided by n.
3
Let l = -26 + 20. Let q = l + 39. Suppose -n - 4 = 0, 0*t - 33 = -t + 5*n. What is the remainder when q is divided by t?
7
Suppose 6 = 2*p - 4*p - 2*f, p = -4*f - 6. Let h = -29 - -38. Calculate the remainder when (-1 - -5)/(p/(-12)) is divided by h.
6
Suppose -a - a + 12 = 0. Suppose 5*q + 5*f - 25 = 0, 0*f - 2*f = 3*q - 17. Calculate the remainder when q is divided by a.
1
Let m(j) = -192*j + 2778. What is the remainder when 250 is divided by m(14)?
70
Let f be (-3)/2*(-720)/(-108). Let t(k) = -6*k - 11. What is the remainder when t(f) is divided by 13?
10
Let t = -52 + 216. Calculate the remainder when 781 is divided by t.
125
Suppose 0 = -3*i + 15. Suppose 10 = -3*j + i*h, 5*j - 7 - 8 = 2*h. Suppose j*c - 206 - 769 = 0. Calculate the remainder when c is divided by 49.
48
Let s(u) = 11 - 3 - u**2 - 7*u**3 - 9 + 3*u - u. Let r be s(-2). Let d = r + -41. What is the remainder when 21 is divided by d?
3
Suppose n = -r + 57 - 3, -5*n - 225 = -4*r. Calculate the remainder when 1041 is divided by r.
51
Let j(k) = -k**3 - 16*k**2 + 20*k + 53. Let w be j(-17). Suppose z - 277 = -4*h - 2*z, -w*z - 212 = -3*h. Calculate the remainder when h is divided by 9.
7
Let s(f) = f. Let g(k) = -30*k + 8. Let m(n) = g(n) - 8*s(n). Let y be m(3). Let i = -87 - y. Calculate the remainder when 37 is divided by i.
18
Suppose 3*a - 105 = -3*j, -5*j - 258*a + 260*a + 196 = 0. What is the remainder when 978 is divided by j?
28
Calculate the remainder when (-4)/(-8)*26*(8 + -17 + 49) is divided by 73.
9
Suppose -39*t = -35*t - 22*t + 223740. Calculate the remainder when t is divided by 259.
257
What is the remainder when 1732 is divided by (-49)/((-35)/5) + (5 - (-9 + 4))?
15
Let a be ((-2)/(-7) - 0) + (-17100)/315. Let v = a - -113. Suppose -2*z + 3*z - 32 = -2*b, -5*z + 85 = 5*b. Calculate the remainder when v is divided by b.
14
Let t = -5002 - -5124. What is the remainder when t is divided by 79?
43
Let d(u) = 14*u**2 - 1608*u - 187. Calculate the remainder when 134 is divided by d(115).
5
Suppose 24*l = 12*l - 132. Let x = -1 + 29. Calculate the remainder when 40*2 + (0 - (l - -8)) is divided by x.
27
Suppose -1116*w + 2*z + 1574 = -1112*w, 797 = 2*w + z. What is the remainder when w is divided by 135?
126
Let m(x) = -4*x**3 - 6*x**2 - 7*x + 12. Let y be m(-5). Suppose -21 + y = 2*t. Calculate the remainder when t is divided by 14.
6
Let b be 830/70 + 1/7. Let z be b/(3 - (-1 + 2)). Calculate the remainder when (321/z)/((-12)/8 + 2) is divided by 22.
19
Let d be 3*20/6*(-22)/55. Calculate the remainder when 86 is divided by ((-138)/d)/(7/((-28)/(-3))).
40
Let a be 2 + 45/(10/(-2)). Let u = a + 7. Suppose u = -3*m + 2*f + 47 + 4, f + 33 = 2*m. Calculate the remainder when 59 is divided by m.
14
Let o(m) = 3*m**2 + 74. Let z be (0/1)/((-12 - -19) + -5). Calculate the remainder when o(z) is divided by 30.
14
Let d = -1049 + 557. Let m = -231 - d. What is the remainder when m is divided by 24?
21
Suppose 3*d + 5 = -4, -2*d - 38 = -4*b. Let k(m) = -517 + m**3 + 1472 - 496 - 486 + 5*m - 8*m**2. Calculate the remainder when 62 is divided by k(b).
10
Let c be (-4 - -6)/((-4)/(-152)). Let t = 81 - c. Suppose -18 + 8 = -t*b. What is the remainder when 15 is divided by b?
1
Let j(s) = 5*s**2 + 58*s + 109. Suppose q + 32 = i, 7*i = 4*i - 3*q + 96. What is the remainder when i is divided by j(-2)?
6
Let t(k) = 67*k**2 - 15*k - 14. What is the remainder when t(-1) is divided by 59?
9
Suppose 4*z - 12 = z. Suppose 0 = -z*s + 4*b - 7*b + 440, 0 = -5*b + 20. Let w = 126 - s. What is the remainder when 188 is divided by w?
17
Let t(s) = 7*s**2 + 23*s - 12. Suppose 5*q + 4*f - 192 = 77, 12 = -3*f. What is the remainder when t(-7) is divided by q?
56
Suppose -b + 609 = -3*d, -265*b + 2472 = -261*b - 3*d. Let n(o) = 38*o**2 + 2*o - 1. What is the remainder when b is divided by n(1)?
36
Suppose -126*n + 1433 = -16333. What is the remainder when 458 is divided by n?
35
Suppose 95 = -a - 4*a. Let y = 45 + a. What is the remainder when 22 is divided by 169/y*1*2?
9
Let h be ((-119)/(-2))/((-2)/8). Calculate the remainder when (-2)/(-11) + h/(-22) is divided by (-3)/(-9) - -5*(-77)/(-105).
3
Let x(n) = -8*n + 13. Suppose 0 = -6*m - 0 - 0. Calculate the remainder when 18 is divided by x(m).
5
Suppose 778 = -6*h - 728. Let v = 287 + h. Calculate the remainder when 178 is divided by v.
34
Suppose -3*y